ppose -w - 28 = -3*t - 5*w, 4*t - 2*w - 30 = 0. Give b(t).
1
Let f(j) = -3*j**3 - 3*j - 6*j**2 + 4*j**3 + 9*j + 2. Let h = -8 - -13. Calculate f(h).
7
Let h(o) = -o**2 + 11*o + 5. Let g be h(11). Let v(j) = 4 - g - 3 + 1 + 3*j. What is v(3)?
6
Let a(n) = n**2 + n + 1. Let k be ((-9)/(-6)*-4)/2. Give a(k).
7
Let k = 20 - 17. Let l(s) = s**2 - 3*s + 2. Give l(k).
2
Suppose 2 = p - 0*p. Let y(t) = -2*t**2 + 4*t + 5. Let d(r) = -r**2 + 2*r + 3. Let g(w) = -5*d(w) + 3*y(w). What is g(p)?
0
Let p(b) = -b**2 + 2*b - 3. Let x(o) = -33*o + 1. Let g be x(1). Let q = 17 + g. Let a be (-51)/q + (-2)/5. What is p(a)?
-6
Let z(c) = -c**3 - 10*c**2 + 11*c + 1. Let v be z(-11). Let i(d) = 7*d**3 - 2*d**2 + 2*d - 1. Calculate i(v).
6
Let c(q) = -2*q - 2 - 1 + 1 + q. Calculate c(-2).
0
Suppose 0 = -11*h + 9*h - 6. Let k be (h/9)/((-1)/9). Let q(x) = -x**3 + 2*x**2 + 4*x + 1. Calculate q(k).
4
Let b(y) = -3*y + 3*y + 1 + 5*y. Let l be (1/1)/(2/6). Suppose 8 = -0*h + 4*h, -12 = l*u - 3*h. What is b(u)?
-9
Let a(b) = -b - 2. Let d = 10 - 11. Let t be d/(-7) + 68/14. Calculate a(t).
-7
Let p(j) be the first derivative of j**4/4 - 4*j**3/3 - 5*j**2/2 + 4*j + 6. Let y be p(5). Let g(v) = v**3 - 3*v**2 - 2*v. What is g(y)?
8
Let n = -3 - -6. Let q(o) be the third derivative of -o**4/12 - o**3/6 + 12*o**2. Calculate q(n).
-7
Let j(z) = -z**2 + 4*z + 2. Let h(u) = u + 1. Let f(r) = -2*h(r) + j(r). Calculate f(4).
-8
Let g(h) be the third derivative of h**4/24 + 11*h**3/6 + 12*h**2. Suppose 0 = -x + 4*x. Determine g(x).
11
Let u = 18 + -16. Let z(d) be the first derivative of -2*d + 1/2*d**u + 1/4*d**4 + 4/3*d**3 + 1. Determine z(-4).
-6
Let x(p) = -p**2 - p - 1. Let l(b) = 9*b**2 + 2*b + 8. Let w(q) = l(q) + 2*x(q). Let z(y) = -y**2. Let n(r) = w(r) + 6*z(r). What is n(0)?
6
Suppose 3*u + 5 = -4. Let j = u - -4. Let x(s) be the second derivative of -7*s**3/6 + s. What is x(j)?
-7
Let k(s) = s**2 + 4*s - 1. Let w(o) = o**3 + 18*o**2 + 35*o + 40. Let p be w(-16). Calculate k(p).
31
Let z(r) = -2*r - 6. Let m be z(-6). Let c(p) = -2 + 6*p - 2*p - 3*p - 2. Calculate c(m).
2
Let f(y) = -5*y**2 - y + 1. Suppose 5*s = p + 3 + 5, -4*s - p = -1. Determine f(s).
-5
Let w be 3 + -4 - 6/(-2). Suppose g = -n + 7, -2*n - 2*n + w*g + 16 = 0. Let y(b) be the second derivative of -b**5/20 + 5*b**4/12 - b**3/6 - 2*b. What is y(n)?
-5
Let s(a) = a - 2. Let j be (-20 - -2)*(-1)/(-4)*-2. Determine s(j).
7
Let a(n) be the second derivative of 1/3*n**3 + 1/12*n**4 + 1/20*n**5 - 4*n + 0 + 0*n**2. Calculate a(2).
16
Let b(w) be the first derivative of -w**4/4 - w**2/2 - 6*w + 9. Give b(0).
-6
Suppose -3*k = 2*k + 25. Let b(h) = -h**2 - 8*h - 3. Determine b(k).
12
Let j(r) = -2*r + 5. Let p(t) = -2*t - 4. Let a be p(0). What is j(a)?
13
Let s(w) = w**2 - 16*w + 1. Let m be s(16). Let l(b) = b**3 - b**2 + 7*b + 3. Let u(t) = 2*t - 3*t**2 - t + 2*t**2. Let p(i) = m*l(i) - 5*u(i). Calculate p(-3).
6
Suppose 3*h = -4*o - 2*h - 2, 0 = 4*o + h - 6. Let b be 2 + 2 - (o - 2). Suppose b*j = -0 - 4. Let n(p) = 8*p - 1. Determine n(j).
-9
Let p = 15 + -12. Let t(w) = 3*w - 4*w + p + 0*w + 2. Determine t(4).
1
Let x = 1 + 9. Let j = -5 + x. Let d(y) = y + 2. Let h(i) = -2*i - 1. Let q(s) = 4*d(s) + 3*h(s). Calculate q(j).
-5
Let h = 207 - 205. Let s(v) = -v**2 - 1 + v**2 + v**2 - 3*v. Give s(h).
-3
Let v(d) = -7 + 7 - d + 2 + 3. Suppose -4*a = 10 + 6. Calculate v(a).
9
Let x(s) = 10*s - 25*s + 5*s + 16*s. What is x(-1)?
-6
Let a(r) = -r**2 - 1. Let x be (-2)/(-2 - 0/(-3)). Let b(w) = 7*w**2 + 7*w + 13. Let p(g) = x*b(g) + 6*a(g). Calculate p(-5).
-3
Let n(f) = f**3 + 7*f**2 + 8*f + 5. Let b be n(-6). Let g = b - -10. Suppose g*m = m. Let z(r) = r**3 + r**2 + r. Determine z(m).
0
Suppose -15 = -0*n - 5*n. Let z(w) = n*w + w - w. Suppose -4*u - 4 = -2*u, 9 = -3*t - 3*u. Calculate z(t).
-3
Suppose 5*j - 92 = -17. Suppose 10 + j = -5*s. Let v(p) = -p**2. Let l(b) = b**3 + 12*b**2 + 5*b + 3. Let n(t) = l(t) + 6*v(t). Determine n(s).
3
Suppose 3*s + 2*h + 22 = -3*h, h + 14 = -3*s. Let k be -4*(5/s - -2). Let b be k/((-9)/6)*1. Let i(l) = -3*l**2 + 4*l - 3. Determine i(b).
-7
Let v(g) be the third derivative of -11*g**4/24 - 5*g**3/6 + 2*g**2. Let c(w) = 6*w + 2. Let f(i) = 7*c(i) + 4*v(i). What is f(-5)?
4
Let u(y) = 2*y - 12. Let g be u(7). Let j(p) = -p**g - 1 - p + 2*p - p**2 + p. Calculate j(1).
-1
Let g(y) be the second derivative of y**4/12 + 2*y**3/3 - y**2 - 6*y. Suppose 5*c + 22 = -2*v, 0 = 5*c + 5*v + 4 + 21. Determine g(c).
-2
Let w(s) be the second derivative of s**4/12 - s**2/2 - 3*s. Determine w(0).
-1
Let m = 54 + -36. Suppose -m + 8 = 5*g. Let k(u) = 5*u**2 - 2*u + 3. Let f(i) = -9*i**2 + 3*i - 5. Let n(c) = -3*f(c) - 5*k(c). Give n(g).
6
Let o(r) = -4*r - 3. Suppose 5*i + 2 = -8. Determine o(i).
5
Let n(q) = q**3 - q + 1. Let b(r) = r**3 - 4*r**2 + 4*r - 2. Let u(y) = y**3 - y**2 + 2*y - 2. Let h be u(2). Let j = -3 + h. Let z be b(j). Calculate n(z).
1
Let b = 1 - -1. Let p(q) = 4*q - 2*q**3 + 3 - 4*q**2 - b*q**3 - 5*q**3 + 8*q**3. Suppose 5*w = 15 - 40. What is p(w)?
8
Let w(t) be the first derivative of t**3/3 - 3*t**2 + 4*t - 1. Let l = 5 - -1. Determine w(l).
4
Let u be 1/(-2)*(3 - 1). Let r(n) = 6*n**2 + 1. Determine r(u).
7
Let c(i) = -i**3 - i - 1. Suppose j + 1 - 3 = 0. Let a(w) = w**3 - 2*w - 3. Let y(m) = j*c(m) - a(m). What is y(-1)?
4
Let v(u) = 9 + u**2 - 3*u - 5 - 1 - 4*u. Give v(5).
-7
Let k(m) = 6*m**3 + m**2 + m + 2. Let a be k(-1). Let r(d) = d**3 + 5*d**2 + 3*d + 5. Give r(a).
9
Let c = -164 + 169. Let d(n) = 2*n**2 - 4*n - 6. Calculate d(c).
24
Let k(v) = 11*v**2 + v - 1. Suppose l + 0 = 1. Give k(l).
11
Let y(o) = 3*o**2 - 3*o. Let k be -4 - (-1)/(2/12). Give y(k).
6
Let o(x) = x**3 - 6*x**2 + 2*x - 5. Let c(t) = t**2 + 15*t + 15. Let f be c(-14). Let l be 3 - (f + -3 - 1). Calculate o(l).
7
Let f(a) = -a**2 + 8*a - 6. Suppose 12 = 2*m - r - 5, 4*m - 3*r = 29. Let l(z) = z - 5. Let x be l(m). What is f(x)?
6
Let q be 90/(-12)*8/6. Let v be 8/q*(1 + 4). Let d(p) = p**3 + 4*p**2 + 3. Calculate d(v).
3
Let q = 6 - -1. Suppose -25 = q*y - 2*y. Let o = y + 1. Let z(x) = x**2 + 6*x + 1. Calculate z(o).
-7
Let y(f) = f**3 + 8*f**2 - 2*f - 6. Suppose 3*b - 6*b - 24 = 0. Calculate y(b).
10
Let i(y) = -y**3 - 10*y**2 - 8*y - 3. Suppose 32 = -3*v + 5. Give i(v).
-12
Let h(n) = -135 + n - 3*n + 136. Determine h(-1).
3
Let l(d) be the second derivative of d**5/20 + 7*d**4/12 + d**3 - 5*d**2/2 + 12*d. Calculate l(-5).
15
Let m(w) = -w - 5. Let p(r) = -r**2 - r - 6. Let s = 0 + -5. Let o(n) = s*p(n) + 6*m(n). Determine o(-1).
6
Let h(g) = -3*g - 2 + 5*g - 3*g - 2*g. Let f = -3 + 1. Determine h(f).
4
Suppose 23 = -7*y - 19. Let x(f) = f**2 + 7*f + 3. Determine x(y).
-3
Let v(x) = x**2 + 3*x. Suppose -3*d = 3*c + 2*c + 8, -5*c + 2*d = 28. Determine v(c).
4
Let a be 1*-2 + 2 + -1. Let p(z) = z**2 + z - 1. Let j be p(-3). Let h(s) = -j + 2 + s + 4. Determine h(a).
0
Let o(r) = -24*r + 3*r**2 - 19 + 27 + 20. Let y(i) = -i**2 + 8*i - 9. Let f(t) = 2*o(t) + 7*y(t). Give f(5).
8
Let j(z) = z**3 - 2*z**2 + 6*z**2 - 3*z + 0*z**3 + 4. Suppose k = 6*k. Let q(h) = 2*h - 5. Let c be q(k). Determine j(c).
-6
Let x(s) = 6*s**3 + s. Let v(l) = -l**3 - 6*l**2 - 4*l + 4. Let i be v(-5). What is x(i)?
-7
Let a(i) = i**2 - 7*i + 3. Suppose 2*v - 8 = -2*u, u + 4*u = v - 16. Calculate a(v).
-3
Let m(y) be the second derivative of -y**5/20 + y**3/6 + y**2/2 + 2*y. Suppose -3*c + 2*g + 3*g = 6, 2*g = -5*c - 10. Let r be 35/(-15) - c/6. Calculate m(r).
7
Let k(q) be the third derivative of -q**7/2520 + q**6/144 + q**5/120 + q**4/8 + 2*q**2. Let c(a) be the second derivative of k(a). Calculate c(4).
5
Let s(h) = h**2 + 3*h. Let j(z) = -z**2 - 7*z - 2. Let l be j(-7). Let k(v) be the first derivative of v**2/2 - 2*v + 1. Let q be k(l). Calculate s(q).
4
Let z(w) = -w**3 + w**2 + w + 3. Let d be z(0). Let x(i) = -3*i**2 - i + 9. Let s(k) = k**2 + k - 4. Let l(f) = -5*s(f) - 2*x(f). Calculate l(d).
2
Suppose 0 = -3*a - 2*r, 2*r + 1 = -4*a + 3. Suppose -4 = -2*m - a. Let f be -1*0/((-1)/m). Let p(x) = x**3. Give p(f).
0
Suppose -u - 30 = -3*u. Let x = -10 + u. Suppose x*p - 29 = -n - 4, -3*n + 20 = 4*p. Let d(y) = y**2 - 1. Give d(n).
-1
Suppose -4*j = 3*f, 5*f = 3*j + 4*f - 13. Let l(n) be the second derivative of